e remainder when 122 is divided by 29.
6
What is the remainder when 294 is divided by 99?
96
What is the remainder when 1209 is divided by 22?
21
What is the remainder when 589 is divided by 144?
13
What is the remainder when 96 is divided by 37?
22
Calculate the remainder when 1529 is divided by 6.
5
What is the remainder when 96 is divided by 51?
45
What is the remainder when 179 is divided by 20?
19
Calculate the remainder when 1029 is divided by 263.
240
What is the remainder when 95 is divided by 28?
11
Calculate the remainder when 7827 is divided by 41.
37
What is the remainder when 511 is divided by 5?
1
Calculate the remainder when 624 is divided by 25.
24
Calculate the remainder when 32 is divided by 9.
5
What is the remainder when 90 is divided by 48?
42
Calculate the remainder when 282 is divided by 269.
13
What is the remainder when 45 is divided by 17?
11
Calculate the remainder when 78 is divided by 44.
34
What is the remainder when 93 is divided by 52?
41
What is the remainder when 73 is divided by 53?
20
Calculate the remainder when 797 is divided by 20.
17
Calculate the remainder when 518 is divided by 129.
2
What is the remainder when 3012 is divided by 22?
20
Calculate the remainder when 576 is divided by 17.
15
Calculate the remainder when 1621 is divided by 29.
26
What is the remainder when 291 is divided by 98?
95
What is the remainder when 168 is divided by 36?
24
Calculate the remainder when 1022 is divided by 8.
6
Calculate the remainder when 204 is divided by 75.
54
What is the remainder when 2974 is divided by 149?
143
What is the remainder when 146 is divided by 31?
22
Calculate the remainder when 332 is divided by 48.
44
What is the remainder when 523 is divided by 224?
75
What is the remainder when 196 is divided by 33?
31
Calculate the remainder when 12211 is divided by 197.
194
What is the remainder when 2716 is divided by 4?
0
Calculate the remainder when 133 is divided by 47.
39
What is the remainder when 46 is divided by 25?
21
What is the remainder when 89 is divided by 65?
24
What is the remainder when 193 is divided by 39?
37
Calculate the remainder when 309 is divided by 303.
6
Calculate the remainder when 802 is divided by 196.
18
Calculate the remainder when 111 is divided by 18.
3
What is the remainder when 332 is divided by 67?
64
Calculate the remainder when 11127 is divided by 3708.
3
What is the remainder when 1450 is divided by 11?
9
Calculate the remainder when 897 is divided by 50.
47
What is the remainder when 370 is divided by 147?
76
Calculate the remainder when 343 is divided by 24.
7
Calculate the remainder when 583 is divided by 117.
115
Calculate the remainder when 33 is divided by 18.
15
Calculate the remainder when 109 is divided by 28.
25
What is the remainder when 1033 is divided by 74?
71
What is the remainder when 333 is divided by 57?
48
What is the remainder when 4157 is divided by 13?
10
What is the remainder when 2118 is divided by 106?
104
Calculate the remainder when 248 is divided by 21.
17
Calculate the remainder when 3527 is divided by 131.
121
What is the remainder when 55 is divided by 38?
17
Calculate the remainder when 14223 is divided by 112.
111
What is the remainder when 124 is divided by 118?
6
Calculate the remainder when 158 is divided by 59.
40
Calculate the remainder when 333 is divided by 54.
9
Calculate the remainder when 153 is divided by 17.
0
Calculate the remainder when 960 is divided by 42.
36
What is the remainder when 90 is divided by 24?
18
Calculate the remainder when 6306 is divided by 19.
17
Calculate the remainder when 1540 is divided by 256.
4
What is the remainder when 3370 is divided by 7?
3
What is the remainder when 4076 is divided by 9?
8
Calculate the remainder when 33675 is divided by 119.
117
Calculate the remainder when 1580 is divided by 1562.
18
What is the remainder when 324 is divided by 6?
0
Calculate the remainder when 315 is divided by 110.
95
Calculate the remainder when 6439 is divided by 140.
139
Calculate the remainder when 106 is divided by 32.
10
Calculate the remainder when 99 is divided by 4.
3
What is the remainder when 200 is divided by 54?
38
Calculate the remainder when 5972 is divided by 72.
68
What is the remainder when 612 is divided by 35?
17
What is the remainder when 381 is divided by 44?
29
What is the remainder when 97 is divided by 38?
21
Calculate the remainder when 351 is divided by 22.
21
Calculate the remainder when 11085 is divided by 144.
141
Calculate the remainder when 370 is divided by 34.
30
Calculate the remainder when 400 is divided by 184.
32
Calculate the remainder when 70 is divided by 16.
6
Calculate the remainder when 15 is divided by 12.
3
Calculate the remainder when 127 is divided by 88.
39
Calculate the remainder when 1143 is divided by 6.
3
What is the remainder when 98 is divided by 12?
2
What is the remainder when 3861 is divided by 46?
43
Calculate the remainder when 271 is divided by 95.
81
Calculate the remainder when 87 is divided by 21.
3
Calculate the remainder when 756 is divided by 20.
16
Calculate the remainder when 236 is divided by 16.
12
Calculate the remainder when 3870 is divided by 1287.
9
Calculate the remainder when 75 is divided by 33.
9
Calculate the remainder when 2122 is divided by 1053.
16
What is the remainder when 1071 is divided by 36?
27
What is the remainder when 4 is divided by 1?
0
Calculate the remainder when 907 is divided by 10.
7
What is the remainder when 3474 is divided by 69?
24
Calculate the remainder when 241 is divided by 62.
55
What is the remainder when 938 is divided by 106?
90
What is the remainder when 952 is divided by 190?
2
Calculate the remainder when 57 is divided by 31.
26
Calculate the remainder when 73 is divided by 6.
1
Calculate the remainder when 4094 is divided by 91.
90
Calculate the remainder when 352 is divided by 169.
14
What is the remainder when 779 is divided by 38?
19
Calculate the remainder when 688 is divided by 221.
25
What is the remainder when 377 is divided by 356?
21
What is the remainder when 1219 is divided by 388?
55
What is the remainder when 333 is divided by 48?
45
Calculate the remainder when 225 is divided by 61.
42
What is the remainder when 5987 is divided by 74?
67
Calculate the remainder when 3177 is divided by 59.
50
What is the remainder when 206 is divided by 54?
44
What is the remainder when 17359 is divided by 140?
139
What is the remainder when 163 is divided by 4?
3
Calculate the remainder when 68 is divided by 22.
2
What is the remainder when 144 is divided by 50?
44
What is the remainder when 11855 is divided by 47?
11
What is the remainder when 194 is divided by 45?
14
What is the remainder when 2748 is divided by 11?
9
Calculate the remainder when 113 is divided by 22.
3
What is the remainder when 16608 is divided by 134?
126
Calculate the remainder when 246 is divided by 34.
8
What is the remainder when 1075 is divided by 180?
175
What is the remainder when 101 is divided by 22?
13
What is the remainder when 656 is divided by 24?
8
Calculate the remainder when 1268 is divided by 214.
198
What is the remainder when 951 is divided by 18?
15
Calculate the remainder when 682 is divided by 87.
73
Calculate the remainder when 13837 is divided by 8.
5
What is the remainder when 573 is divided by 22?
1
What is the remainder when 2084 is divided by 35?
19
Calculate the remainder when 89 is divided by 45.
44
What is the remainder when 26897 is divided by 183?
179
Calculate the remainder when 1418 is divided by 11.
10
Calculate the remainder when 2718 is divided by 249.
228
What is the remainder when 5392 is divided by 174?
172
Calculate the remainder when 363 is divided by 105.
48
Calculate the remainder when 1208 is divided by 237.
23
Calculate the remainder when 3378 is divided by 23.
20
Calculate the remainder when 48 is divided by 34.
14
What is the remainder when 810 is divided by 104?
82
Calculate the remainder when 364 is divided by 68.
24
What is the remainder when 417 is divided by 47?
41
What is the remainder when 154 is divided by 47?
13
Calculate the remainder when 278 is divided by 63.
26
Calculate the remainder when 630 is divided by 176.
102
What is the remainder when 77 is divided by